x + 16805 + 7093, 2*h + 4*x - 15912 = 0. What are the prime factors of h?
2, 3, 83
Suppose -177*f + 15*f = -661217 + 176999. What are the prime factors of f?
7, 61
Let a = -4638 + 11765. List the prime factors of a.
7127
Let c be -1*(-3 - (0 - 2)) + 4. Suppose 2*d - c*d + 1376 = 4*g, -5*g = 4*d - 1719. What are the prime factors of g?
347
Suppose -r + 5*g - 1097 = 2*g, -5*r + 2*g = 5459. Let y = r + 2479. List the prime factors of y.
2, 347
Let p be 203/(-21) + (-24)/18. Let d(r) = r**3 + 17*r**2 + 21*r - 5. What are the prime factors of d(p)?
2, 5, 7
Suppose -f = -2*t + f + 59500, 0 = 4*t + 5*f - 119000. Suppose 0 = -5*o + 27 + 3. What are the prime factors of o/14 - t/(-98)?
2, 19
Let t = 21026 - 6120. What are the prime factors of t?
2, 29, 257
Suppose 0 = 15*a - 142683 - 133682 - 52795. What are the prime factors of a?
2, 13, 211
Let s(i) = 8*i**2 - 15*i - 19. Suppose 25 = -33*v + 322. List the prime factors of s(v).
2, 13, 19
Suppose 46*k = 52*k - 18. Suppose -2*n = -k*c + 2687, -5*n + 7*n = -c + 885. What are the prime factors of c?
19, 47
Let x(h) = h**3 - 4*h**2 - 20*h - 20. Let w(p) = -2*p**3 + 9*p**2 + 39*p + 40. Let a(v) = 6*w(v) + 11*x(v). What are the prime factors of a(6)?
2, 31
Let h = 18327 + 125. List the prime factors of h.
2, 7, 659
Let w be 106/(-8) + (-2)/8*-1. Let j(y) = 5*y**2 + 3*y - 25. Let u(r) = -14*r**2 - 9*r + 76. Let s(b) = -11*j(b) - 4*u(b). List the prime factors of s(w).
101
Suppose 3*u + 13 = 4, -1920 = -5*m + 5*u. Suppose 21*k + m = 24*k. List the prime factors of k.
127
List the prime factors of -10*(-4)/(-6)*(-78420)/80.
5, 1307
Suppose s + 3*s = -5*z + 69, -2*z = 4*s - 30. Suppose 0 = -4*v + 12, -4*u + 93 = -0*u - v. Suppose u*t - 1881 = z*t. List the prime factors of t.
3, 19
Let f = 57 - 51. Suppose 0 = -d - x + f, 5*x - 2*x = 5*d - 6. Suppose -170 = -d*z - 59. What are the prime factors of z?
37
Suppose 5*g = -0*p - 2*p + 4064, -4*g + 3246 = -p. Suppose -9*h = -g - 1042. List the prime factors of h.
2, 103
Let c be ((-18)/15)/((21/(-130))/7). Let q = c + -52. Suppose 84 = 5*u + 4*w, q = u + 5*w - 33 + 12. List the prime factors of u.
2
Suppose -4*y - 16 = 0, -5*j - 4 = 3*y + 18. Let v(n) = -46*n**3 - 2*n**2 + 6. What are the prime factors of v(j)?
2, 3, 61
Suppose -5*z - l - 1 = 0, -5*z + 87 = 3*l + 90. List the prime factors of 127 + 2 - 5 - z.
2, 31
Let j = -58 - -156. Suppose 3*v = 788 - j. Suppose 5*m + 3*h = 4*h + 581, 2*m + 2*h - v = 0. What are the prime factors of m?
2, 29
Suppose 5*i - 109*i + 1391312 = 0. What are the prime factors of i?
2, 6689
List the prime factors of ((-114)/4 + 0 + -5)/(6/(-228)).
19, 67
Let n = -46 - -64. Suppose 19*a = n*a + 2. List the prime factors of 84 - ((-3)/(-3))/(-1 + a).
83
Suppose -3*s - 48 = 3*r - r, -4*r - 60 = 4*s. Let b = s - -105. What are the prime factors of b?
3, 29
Let a = 119 + -115. What are the prime factors of (-1 + 117)*(-30)/(-20) + a?
2, 89
Suppose 0 = 3*m + 4*f + 6, 2*f - 5*f - 19 = -5*m. What are the prime factors of 2*1/m + -8 + 138?
131
Let h(t) = t**3 - 5*t**2 - t + 42. Let p be h(-6). Let q = -65 - p. What are the prime factors of q?
283
Let x(v) = v**2 - 6. Let z be x(3). Suppose -f + 444 = -4*k, z*f + 10*k = 7*k + 1377. List the prime factors of f.
2, 3, 19
Let s(l) = -l**2 + 0*l - 13*l + 9 + 11*l. Let y be s(0). List the prime factors of 1860/135 + 2/y.
2, 7
Let t be (-1528)/(-72) - (-5)/((-45)/2). Suppose j - 69 = x - t, 236 = 5*j - x. What are the prime factors of j?
47
Let j = -143 - -27. Let v = j + 463. What are the prime factors of v?
347
Suppose -l = 3*m - 7916, 4*l = -m + 7*l + 2632. Suppose 6*d = -430 + m. What are the prime factors of d?
2, 23
Let g(s) = 5*s - 25. Let a be g(6). Suppose y + 890 = -a*k - y, y + 357 = -2*k. Let i = k + 275. What are the prime factors of i?
3, 11
What are the prime factors of 77891290/26270 - (-4)/(-142)?
5, 593
List the prime factors of 620/150 + -4 + 79346/30.
5, 23
Let q(h) = -10791*h + 414. What are the prime factors of q(-6)?
2, 3, 5, 181
Suppose -36*v = -30*v + 804. What are the prime factors of (0 - v/(-2))*-3?
3, 67
Suppose -340*w - 924730 = -9548675 + 1035485. What are the prime factors of w?
11, 2029
Let m(w) = 128*w + 26. Let i(s) = 43*s + 8. Let z(y) = -7*i(y) + 2*m(y). Let a be 2/(-3) - (-5)/(-15). What are the prime factors of z(a)?
41
Suppose -12 = 3*f, -2*b - f = f - 30. Suppose 0 = -b*s + 22*s - 492. What are the prime factors of s?
2, 41
What are the prime factors of (3/((-15)/(-220862)) - 1980/4950)*1?
2, 3, 409
Let b = 333 - 258. Let o = b + 11. List the prime factors of o.
2, 43
Let m(u) = -2*u**3 + 2*u**2. Let l be m(0). Suppose -5*j + 4*j - n + 62 = 0, l = 3*j + 4*n - 183. What are the prime factors of j?
5, 13
Let p(w) be the second derivative of 16*w**2 + 5*w - 5/4*w**4 + 0 - 1/20*w**5 - 5/6*w**3. What are the prime factors of p(-15)?
107
Suppose -n = 17 + 60. Let k = n - -214. What are the prime factors of k?
137
Let y(z) = z**3 + 19*z**2 + 14*z - 70. Let m be y(-18). Suppose -n + 5*n - 1530 = -t, -m*t = -3*n + 1153. What are the prime factors of n?
383
Let m(v) = 33*v**2 + 6*v + 2407. List the prime factors of m(-32).
36007
Let c be 64/14 + 21/49. Let o(i) = 36*i + 38. List the prime factors of o(c).
2, 109
Suppose -p - 4*g = 10, -2*p - 3*g = -7*p + 19. Suppose 10*n = 6*n + 5*q + 3491, -2*q = -p*n + 1744. List the prime factors of n.
11, 79
Let z be 17/(-85) + (-5612)/(-10). Let p = -148 + z. List the prime factors of p.
7, 59
Let i(a) = -222*a - 90. Let m be i(-39). Suppose -m = g - 25*g. List the prime factors of g.
3, 7, 17
Let l(m) = 360*m - 1165. What are the prime factors of l(13)?
5, 19, 37
Let f be 2/(3 + 187565/(-62524)). Suppose -f = 13*o - 57*o. List the prime factors of o.
2, 7, 29
Let b be -47 - (-2 - (4 - 8)). Let n = b + 49. Suppose n = 3*h - q - 13, -29 = -3*h + 5*q - 0. What are the prime factors of h?
3
Let q(i) = -i**2 + i + 23. Let u be q(6). Let r(m) = -60*m - 28. Let p be r(u). Suppose 0*w = 2*w + 4*x - p, 2*x = -5*w + 988. What are the prime factors of w?
2, 3, 11
Suppose 26*z - 52 = 13*z. What are the prime factors of z/(-4) - (-4776)/12?
397
Suppose -3910 = -20*g + 1610. List the prime factors of g.
2, 3, 23
Let i(k) = 37*k + 494 - 245 - 252. What are the prime factors of i(1)?
2, 17
Suppose -x - 27 = 2*x. Let z(i) = -i**3 - 2*i**2 - 2*i - 15. Let v(f) = f**3 + f + 15. Let r(a) = 3*v(a) + 4*z(a). List the prime factors of r(x).
3, 37
Let y(s) = 35*s + 44. Let m be y(11). Suppose 8*p - m = -5*p. What are the prime factors of (p/6)/((-2)/(-8))*1?
2, 11
Suppose -24*s + 55240 - 1414664 = -200*s. List the prime factors of s.
2, 1931
Let u be -5*2*(-1 - -2). Suppose -2*z + p + 56 = 0, 3*z + 5*p - 9*p = 79. Let b = u + z. List the prime factors of b.
19
Suppose 4*o - 4 = -u - 32, 0 = -4*u - 4*o - 64. What are the prime factors of (-20)/(-30) + (-1540)/u?
3, 43
Suppose -15*u = -u - 266. Suppose -2*a - 17*b + 1400 = -u*b, -1405 = -2*a + b. What are the prime factors of a?
3, 5, 47
Let v(c) = -c + 15. Let x be v(11). Suppose x*o - 38 = 2*a, 5*o - 3*o + 3*a - 31 = 0. Suppose -o*b - 17 + 1612 = 0. What are the prime factors of b?
5, 29
Suppose -112*g + 137391 + 324497 = 0. List the prime factors of g.
2, 1031
Suppose 23*a - 26*a = 5*m - 50133, -3*a = m - 10029. What are the prime factors of m?
2, 3, 557
Let c(u) = -767*u - 29. Let j be c(1). Let f = j + 892. List the prime factors of f.
2, 3
Suppose 17*v = 18*v - 18070 - 21681. List the prime factors of v.
127, 313
Suppose 4*p - 2*d - 22 = 0, 0 = 2*p + 2*d - 4*d - 16. Suppose -p*f - 1 = 5*r - 2, -55 = -5*f + 5*r. Suppose -4*h - 6 = -f*h. List the prime factors of h.
2
Suppose -371 = -4*q - p, -179 = -3*q - 3*p + 106. What are the prime factors of (q - -6)*(0/2 + 4)?
2, 7
Let f(y) be the second derivative of y**7/504 + y**6/720 + y**5/10 + 5*y**4/4 - 4*y. Let v(r) be the third derivative of f(r). List the prime factors of v(-5).
2, 3, 11
Suppose -2*r = 3*s - 77, s + 124 = 4*r - 3*s. Suppose n + r = -4*x - 24, 0 = -2*n - 2*x - 134. Let p = n + 74. What are the prime factors of p?
2
Let k(w) be the second derivative of -3*w**3 + 13*w**2/2 + 4*w. Let o = 43 + -46. List the prime factors of k(o).
67
Let p(o) = -o**3 + 5*o**2 - 4*o + 1. Let w be p(3). Suppose 2*q + 5*r - 2315 = -q, -q + 775 = r. Suppose w*s